{"id":1718,"date":"2018-01-14T13:35:04","date_gmt":"2018-01-14T13:35:04","guid":{"rendered":"http:\/\/www.studiograf.home.pl\/galeon\/?page_id=1718"},"modified":"2026-03-10T21:49:49","modified_gmt":"2026-03-10T21:49:49","slug":"home","status":"publish","type":"page","link":"https:\/\/www.galeon.krakow.pl\/","title":{"rendered":"Home"},"content":{"rendered":"<h1 style=\"text-align: center;\">Galeon &#8211; Biuro Podr\u00f3\u017cy<\/h1>\n<p style=\"text-align: center;\">KOLONIE | OBOZY | ZIMOWISKA | PIELGRZYMKI | WYCIECZKI | IMPREZY DLA FIRM | ZIELONE SZKO\u0141Y | SZKOLENIA | KONFERENCJE | AUTOKARY | SYLWESTRY<\/p>\n<hr \/>\n<div style=\"text-align: right;\"><a href=\"http:\/\/www.galeon.krakow.pl\/?page_id=4439\"><img loading=\"lazy\" decoding=\"async\" class=\"alignnone wp-image-3286 size-full\" src=\"https:\/\/www.galeon.krakow.pl\/wp-content\/uploads\/2018\/01\/Home-15.jpg\" alt=\"\" width=\"1000\" height=\"250\" srcset=\"https:\/\/www.galeon.krakow.pl\/wp-content\/uploads\/2018\/01\/Home-15.jpg 1000w, https:\/\/www.galeon.krakow.pl\/wp-content\/uploads\/2018\/01\/Home-15-300x75.jpg 300w, https:\/\/www.galeon.krakow.pl\/wp-content\/uploads\/2018\/01\/Home-15-768x192.jpg 768w\" sizes=\"auto, (max-width: 1000px) 100vw, 1000px\" \/><\/a><\/div>\n<div>\n<hr \/>\n<\/div>\n<p><a href=\"http:\/\/www.galeon.krakow.pl\/?page_id=49\"><img loading=\"lazy\" decoding=\"async\" class=\"alignnone wp-image-4163 size-full\" src=\"http:\/\/www.galeon.krakow.pl\/wp-content\/uploads\/2018\/01\/Home-17A.jpg\" alt=\"\" width=\"1000\" height=\"250\" srcset=\"https:\/\/www.galeon.krakow.pl\/wp-content\/uploads\/2018\/01\/Home-17A.jpg 1000w, https:\/\/www.galeon.krakow.pl\/wp-content\/uploads\/2018\/01\/Home-17A-300x75.jpg 300w, https:\/\/www.galeon.krakow.pl\/wp-content\/uploads\/2018\/01\/Home-17A-768x192.jpg 768w\" sizes=\"auto, (max-width: 1000px) 100vw, 1000px\" \/><\/a><\/p>\n<hr \/>\n<p><a href=\"?page_id=94\"><img loading=\"lazy\" decoding=\"async\" class=\"alignnone size-full wp-image-4179\" src=\"http:\/\/www.galeon.krakow.pl\/wp-content\/uploads\/2018\/01\/Home-21.jpg\" alt=\"\" width=\"1000\" height=\"250\" srcset=\"https:\/\/www.galeon.krakow.pl\/wp-content\/uploads\/2018\/01\/Home-21.jpg 1000w, https:\/\/www.galeon.krakow.pl\/wp-content\/uploads\/2018\/01\/Home-21-300x75.jpg 300w, https:\/\/www.galeon.krakow.pl\/wp-content\/uploads\/2018\/01\/Home-21-768x192.jpg 768w\" sizes=\"auto, (max-width: 1000px) 100vw, 1000px\" \/><\/a><\/p>\n<hr \/>\n<p><a href=\"?page_id=96\"><img loading=\"lazy\" decoding=\"async\" class=\"alignnone size-full wp-image-3284\" src=\"http:\/\/www.galeon.krakow.pl\/wp-content\/uploads\/2018\/01\/Home-13.jpg\" alt=\"\" width=\"1000\" height=\"250\" srcset=\"https:\/\/www.galeon.krakow.pl\/wp-content\/uploads\/2018\/01\/Home-13.jpg 1000w, https:\/\/www.galeon.krakow.pl\/wp-content\/uploads\/2018\/01\/Home-13-300x75.jpg 300w, https:\/\/www.galeon.krakow.pl\/wp-content\/uploads\/2018\/01\/Home-13-768x192.jpg 768w\" sizes=\"auto, (max-width: 1000px) 100vw, 1000px\" \/><\/a><\/p>\n<hr \/>\n<p><a href=\"http:\/\/www.galeon.krakow.pl\/?page_id=2534\"><img loading=\"lazy\" decoding=\"async\" class=\"alignnone size-full wp-image-4165\" src=\"http:\/\/www.galeon.krakow.pl\/wp-content\/uploads\/2018\/01\/Home-18.jpg\" alt=\"\" width=\"1000\" height=\"250\" srcset=\"https:\/\/www.galeon.krakow.pl\/wp-content\/uploads\/2018\/01\/Home-18.jpg 1000w, https:\/\/www.galeon.krakow.pl\/wp-content\/uploads\/2018\/01\/Home-18-300x75.jpg 300w, https:\/\/www.galeon.krakow.pl\/wp-content\/uploads\/2018\/01\/Home-18-768x192.jpg 768w\" sizes=\"auto, (max-width: 1000px) 100vw, 1000px\" \/><\/a><\/p>\n<hr \/>\n<p><a href=\"http:\/\/www.galeon.krakow.pl\/?page_id=329\"><img loading=\"lazy\" decoding=\"async\" class=\"alignnone size-full wp-image-4166\" src=\"http:\/\/www.galeon.krakow.pl\/wp-content\/uploads\/2018\/01\/Home-19.jpg\" alt=\"\" width=\"1000\" height=\"250\" srcset=\"https:\/\/www.galeon.krakow.pl\/wp-content\/uploads\/2018\/01\/Home-19.jpg 1000w, https:\/\/www.galeon.krakow.pl\/wp-content\/uploads\/2018\/01\/Home-19-300x75.jpg 300w, https:\/\/www.galeon.krakow.pl\/wp-content\/uploads\/2018\/01\/Home-19-768x192.jpg 768w\" sizes=\"auto, (max-width: 1000px) 100vw, 1000px\" \/><\/a><\/p>\n<hr \/>\n<p><a href=\"http:\/\/www.galeon.krakow.pl\/?page_id=331\"><img loading=\"lazy\" decoding=\"async\" class=\"alignnone size-full wp-image-4167\" src=\"http:\/\/www.galeon.krakow.pl\/wp-content\/uploads\/2018\/01\/Home-20.jpg\" alt=\"\" width=\"1000\" height=\"250\" srcset=\"https:\/\/www.galeon.krakow.pl\/wp-content\/uploads\/2018\/01\/Home-20.jpg 1000w, https:\/\/www.galeon.krakow.pl\/wp-content\/uploads\/2018\/01\/Home-20-300x75.jpg 300w, https:\/\/www.galeon.krakow.pl\/wp-content\/uploads\/2018\/01\/Home-20-768x192.jpg 768w\" sizes=\"auto, (max-width: 1000px) 100vw, 1000px\" \/><\/a><\/p>\n<hr \/>\n<p><a href=\"?page_id=4553\"><img loading=\"lazy\" decoding=\"async\" class=\"alignnone size-full wp-image-3282\" src=\"http:\/\/www.galeon.krakow.pl\/wp-content\/uploads\/2018\/01\/Home-11.jpg\" alt=\"\" width=\"1000\" height=\"250\" srcset=\"https:\/\/www.galeon.krakow.pl\/wp-content\/uploads\/2018\/01\/Home-11.jpg 1000w, https:\/\/www.galeon.krakow.pl\/wp-content\/uploads\/2018\/01\/Home-11-300x75.jpg 300w, https:\/\/www.galeon.krakow.pl\/wp-content\/uploads\/2018\/01\/Home-11-768x192.jpg 768w\" sizes=\"auto, (max-width: 1000px) 100vw, 1000px\" \/><\/a><\/p>\n<hr \/>\n<p style=\"text-align: center;\">\n","protected":false},"excerpt":{"rendered":"<p>Galeon &#8211; Biuro Podr\u00f3\u017cy KOLONIE | OBOZY | ZIMOWISKA | PIELGRZYMKI | WYCIECZKI | IMPREZY DLA FIRM | ZIELONE SZKO\u0141Y | SZKOLENIA | KONFERENCJE | AUTOKARY | SYLWESTRY<\/p>\n","protected":false},"author":2,"featured_media":0,"parent":0,"menu_order":0,"comment_status":"closed","ping_status":"closed","template":"","meta":{"footnotes":""},"class_list":["post-1718","page","type-page","status-publish","hentry","post"],"_links":{"self":[{"href":"https:\/\/www.galeon.krakow.pl\/index.php?rest_route=\/wp\/v2\/pages\/1718","targetHints":{"allow":["GET"]}}],"collection":[{"href":"https:\/\/www.galeon.krakow.pl\/index.php?rest_route=\/wp\/v2\/pages"}],"about":[{"href":"https:\/\/www.galeon.krakow.pl\/index.php?rest_route=\/wp\/v2\/types\/page"}],"author":[{"embeddable":true,"href":"https:\/\/www.galeon.krakow.pl\/index.php?rest_route=\/wp\/v2\/users\/2"}],"replies":[{"embeddable":true,"href":"https:\/\/www.galeon.krakow.pl\/index.php?rest_route=%2Fwp%2Fv2%2Fcomments&post=1718"}],"version-history":[{"count":38,"href":"https:\/\/www.galeon.krakow.pl\/index.php?rest_route=\/wp\/v2\/pages\/1718\/revisions"}],"predecessor-version":[{"id":4559,"href":"https:\/\/www.galeon.krakow.pl\/index.php?rest_route=\/wp\/v2\/pages\/1718\/revisions\/4559"}],"wp:attachment":[{"href":"https:\/\/www.galeon.krakow.pl\/index.php?rest_route=%2Fwp%2Fv2%2Fmedia&parent=1718"}],"curies":[{"name":"wp","href":"https:\/\/api.w.org\/{rel}","templated":true}]}}